e
Does 2 divide 497?
False
Is 162 a factor of 4860?
True
Does 2 divide 265?
False
Is 23 a factor of 10140?
False
Is 1336 a multiple of 6?
False
Is 5060 a multiple of 23?
True
Does 70 divide 210?
True
Is 17 a factor of 3808?
True
Is 26 a factor of 282?
False
Does 10 divide 628?
False
Does 54 divide 14580?
True
Does 6 divide 144?
True
Does 13 divide 338?
True
Is 18081 a multiple of 123?
True
Is 103 a factor of 51351?
False
Does 128 divide 4992?
True
Is 16 a factor of 6128?
True
Is 11 a factor of 451?
True
Is 10788 a multiple of 31?
True
Is 52220 a multiple of 373?
True
Is 43 a factor of 4901?
False
Is 336 a multiple of 24?
True
Does 13 divide 10868?
True
Does 76 divide 3531?
False
Is 47 a factor of 94?
True
Does 11 divide 1674?
False
Is 13 a factor of 5954?
True
Is 272 a multiple of 68?
True
Is 23 a factor of 3902?
False
Is 24032 a multiple of 16?
True
Is 18 a multiple of 2?
True
Is 6 a factor of 588?
True
Is 1807 a multiple of 75?
False
Is 63756 a multiple of 231?
True
Is 2408 a multiple of 43?
True
Is 4156 a multiple of 16?
False
Is 3885 a multiple of 16?
False
Is 17 a factor of 5448?
False
Does 241 divide 19546?
False
Is 2108 a multiple of 5?
False
Is 686 a multiple of 2?
True
Is 7140 a multiple of 14?
True
Is 18296 a multiple of 61?
False
Is 5 a factor of 332?
False
Is 2160 a multiple of 12?
True
Is 4316 a multiple of 3?
False
Does 6 divide 1026?
True
Is 58775 a multiple of 165?
False
Is 21 a factor of 2688?
True
Is 1181 a multiple of 60?
False
Does 50 divide 109100?
True
Is 33 a factor of 5343?
False
Does 4 divide 156?
True
Does 28 divide 76807?
False
Does 4 divide 3112?
True
Is 192 a multiple of 16?
True
Is 10574 a multiple of 14?
False
Is 25 a factor of 6218?
False
Is 6 a factor of 192?
True
Is 9296 a multiple of 14?
True
Does 11 divide 407?
True
Does 11 divide 14963?
False
Does 9 divide 9381?
False
Is 15865 a multiple of 167?
True
Is 57 a factor of 8242?
False
Is 7 a factor of 376?
False
Is 15 a factor of 8420?
False
Is 111 a factor of 5158?
False
Is 8206 a multiple of 7?
False
Is 5542 a multiple of 33?
False
Does 20 divide 5040?
True
Does 63 divide 7909?
False
Does 16 divide 1024?
True
Is 852 a multiple of 71?
True
Does 12 divide 1603?
False
Is 300 a multiple of 8?
False
Does 16 divide 1984?
True
Is 10 a factor of 777?
False
Is 9478 a multiple of 14?
True
Does 9 divide 2043?
True
Does 3 divide 19506?
True
Does 19 divide 1523?
False
Does 44 divide 136209?
False
Is 68 a factor of 272?
True
Is 160 a multiple of 4?
True
Is 76 a multiple of 3?
False
Is 15 a factor of 6904?
False
Does 3 divide 2972?
False
Is 57 a factor of 8117?
False
Is 2232 a multiple of 6?
True
Does 8 divide 398?
False
Is 66 a factor of 132?
True
Is 970 a multiple of 97?
True
Does 5 divide 105?
True
Is 20691 a multiple of 9?
True
Is 1050 a multiple of 15?
True
Does 12 divide 5040?
True
Is 3312 a multiple of 92?
True
Is 672 a multiple of 42?
True
Does 229 divide 26403?
False
Is 44 a factor of 16208?
False
Is 3 a factor of 268?
False
Is 27132 a multiple of 4?
True
Is 21 a factor of 6062?
False
Is 185 even?
False
Does 17 divide 244?
False
Is 29053 a multiple of 17?
True
Is 12 a factor of 40839?
False
Is 111 a factor of 1712?
False
Is 24 a factor of 29160?
True
Is 46 a factor of 1349?
False
Is 296 a multiple of 17?
False
Is 699 a multiple of 4?
False
Is 42 a factor of 2913?
False
Does 30 divide 2460?
True
Is 2 a factor of 3269?
False
Does 13 divide 7410?
True
Is 80 a factor of 26400?
True
Is 484 a multiple of 22?
True
Does 26 divide 19264?
False
Is 9 a factor of 3681?
True
Is 10 a factor of 16825?
False
Does 24 divide 21168?
True
Does 12 divide 1248?
True
Is 74 a factor of 2146?
True
Does 39 divide 79872?
True
Is 9 a factor of 199?
False
Does 11 divide 1197?
False
Does 58 divide 8004?
True
Is 370 a factor of 43290?
True
Is 187 a factor of 7170?
False
Is 1370 a multiple of 9?
False
Is 6 a factor of 416?
False
Does 18 divide 53946?
True
Does 5 divide 318?
False
Is 15904 a multiple of 32?
True
Is 98 a factor of 3254?
False
Does 13 divide 5658?
False
Is 3152 a multiple of 31?
False
Is 5 a factor of 3635?
True
Is 252 a multiple of 4?
True
Does 65 divide 84?
False
Does 71 divide 1212?
False
Is 504 a multiple of 72?
True
Does 33 divide 2235?
False
Is 131 a factor of 68246?
False
Is 111 a factor of 20021?
False
Does 46 divide 42052?
False
Is 6 a factor of 330?
True
Is 79 a factor of 113?
False
Is 388 a multiple of 9?
False
Is 1623 a multiple of 90?
False
Does 28 divide 7476?
True
Does 16 divide 442?
False
Is 6 a factor of 269?
False
Is 66 a factor of 3366?
True
Does 38 divide 9804?
True
Is 6 a factor of 234?
True
Is 255 a factor of 99705?
True
Is 39996 a multiple of 33?
True
Does 8 divide 158?
False
Is 17 a factor of 238?
True
Is 27 a factor of 1539?
True
Is 28 a factor of 99021?
False
Does 13 divide 7176?
True
Is 75870 a multiple of 27?
True
Is 10 a factor of 4583?
False
Is 5910 a multiple of 6?
True
Is 54 a factor of 644?
False
Does 12 divide 50869?
False
Is 10750 a multiple of 50?
True
Does 9 divide 316?
False
Is 77 a factor of 9548?
True
Does 12 divide 169?
False
Is 3 a factor of 8918?
False
Is 358 a multiple of 10?
False
Is 22099 a multiple of 49?
True
Is 72 a multiple of 2?
True
Is 4812 a multiple of 12?
True
Does 84 divide 504?
True
Does 207 divide 18013?
False
Is 35 a factor of 315?
True
Does 36 divide 391?
False
Is 2191 a multiple of 83?
False
Is 744 a multiple of 62?
True
Is 40 a factor of 240?
True
Does 22 divide 172?
False
Is 102 a factor of 1983?
False
Is 199 even?
False
Is 712 a multiple of 21?
False
Does 192 divide 10488?
False
Does 6 divide 1206?
True
Is 117 a multiple of 9?
True
Does 17 divide 612?
True
Is 7 a factor of 7006?
False
Is 35 a factor of 721?
False
Does 7 divide 209?
False
Is 150 a multiple of 5?
True
Does 20 divide 520?
True
Is 196 a multiple of 28?
True
Does 289 divide 19021?
False
Is 791 a multiple of 40?
False
Is 77 a factor of 37268?
True
Is 49 a factor of 17248?
True
Is 626 a multiple of 12?
False
Is 11453 a multiple of 13?
True
Does 100 divide 1300?
True
Does 4 divide 1076?
True
Is 3 a factor of 317?
False
Does 72 divide 5126?
False
Is 6371 a multiple of 71?
False
Does 13 divide 2528?
False
Does 5 divide 775?
True
Does 10 divide 1640?
True
Is 5418 a multiple of 18?
True
Does 12 divide 4956?
True
Is 23 a multiple of 3?
False
Is 7 a factor of 3584?
True
Is 3301 a multiple of 46?
False
Does 5 divide 128?
False
Is 88 a factor of 2464?
True
Does 11 divide 1011?
False
Does 9 divide 9513?
True
Does 8 divide 5320?
True
Is 301 a multiple of 2?
False
Is 34 a factor of 36810?
False
Is 13 a factor of 5174?
True
Does 12 divide 32190?
False
Is 5 a factor of 6575?
True
Is 61 a factor of 1000?
False
Is 22 a multiple of 5?
False
Is 922 a multiple of 43?
False
Does 20 divide 34060?
True
Is 37576 a multiple of 7?
True
Is 3 a factor of 285?
True
Is 375 a multiple of 41?
False
Does 36 divide 110511?
False
Is 22085 a multiple of 189?
False
Is 108 a factor of 4104?
True
Does 12 divide 23986?
False
Does 50 divide 2050?
True
Does 35 divide 1059?
False
Does 23 divide 20104?
False
Is 32 a factor of 1088?
True
Does 14 divide 252?
True
Is 97 a factor of 1261?
True
Is 39 a factor of 1443?
True
Is 32828 a multiple of 58?
True
Does 20 divide 140?
True
Does 28 divide 4200?
True
Is 43 a factor of 464?
False
Is 36570 a multiple of 15?
True
Is 51 a factor of 561?
True
Is 49 a factor of 441?
True
Is 1590 a multiple of 10?
True
Is 1740 a multiple of 15?
True
Is 2652 a multiple of 6?
True
Is 630 a multiple of 19?
False
Is 5246 a multiple of 19?
False
Is 54 a multiple of 3?
True
Does 49 divide 490?
True
Is 19 a factor of 285?
True
Does 7 divide 843?
False
Is 25 a factor of 44400?
True
Is 4 a factor of 2824?
True
Does 9 divide 50634?
True
Does 66 divide 1367?
False
Does 83 divide 56606?
True
Is 2090 a multiple of 11?
True
Is 7731 a multiple of 34?
False
Is 55000 a multiple of 100?
True
Is 1458 a multiple of 54?
True
Is 16 a factor of 45152?
True
Does 7 divide 105?
True
Does 14 divide 32831?
False
Is 3062 a multiple of 73?
False
Is 12 a factor of 10164?
True
Does 86 divide 27474?
False
Is 1893 a multiple of 30?
False
Does 173 divide 14705?
True
Is 38 a factor of 2351?
False
Does 27 divide 926?
False
Does 14 divide 210?
True
Is 13 a factor of 295?
False
Does 143 divide 66781?
True
Is 13